s the units digit of x?
1
Let g(f) = f**2 + 9 + 5*f + 8*f - 3*f. What is the units digit of g(-10)?
9
Let w = 13 - -19. What is the units digit of w?
2
Suppose 2*k - 12 = 24. What is the units digit of k?
8
Let v(d) = -6*d. What is the units digit of v(-2)?
2
Let r = -20 - -42. What is the units digit of r?
2
Suppose 0 = s - 1, -3*s = -3*p - p - 7. Let w be (0 - p)/((-5)/30). What is the units digit of (-28)/w + (-6)/9?
4
Let f(i) = i + 2. Let t be f(0). Suppose -t*l - 5 = -3*l. What is the units digit of l?
5
Suppose 2*w + 3*x - 24 = 0, 0*x - 2*x = w - 10. What is the tens digit of w?
1
Let c = -41 + 80. What is the units digit of c?
9
Suppose -19 + 15 = -2*l. What is the tens digit of (-6)/(-2) - l - -33?
3
What is the tens digit of (-232)/(-6) - (-1)/3?
3
Suppose -10 = -5*p + 5, 31 = n - p. What is the units digit of n?
4
Suppose -2*a + 1 = -1. Let i = a - -4. Suppose 0 = z + 2*r + 7, z + i*r - 5 = -24. What is the units digit of z?
1
Suppose -a - 224 = -2*y - 0*y, 2*a = 8. What is the units digit of y?
4
Let s(d) = -d**3 - 5*d**2 + 2*d + 1. Let l be s(-7). Suppose -l = -3*f - 2*f. Let n = f + -7. What is the units digit of n?
0
Suppose 0 = 5*m - 2*b - 545, -m - 4*b - 25 = -112. What is the tens digit of m?
0
Let s(j) = 2*j**2 - 2*j + 1. What is the tens digit of s(-2)?
1
Let i = 68 + -39. Suppose -b - 4*b + 5 = 2*x, -4*b = -5*x + i. Suppose -c - 3*m = -m - 11, -x*m = -c - 24. What is the units digit of c?
1
Suppose -5*a - 19 = -4. Let x be (a/9 + 0)*-33. Let n = x + 7. What is the tens digit of n?
1
Suppose 3*s - 10 = c, s + c = 3 + 3. Suppose 16 = s*k - 2*k. What is the units digit of k?
8
Suppose 5*l - 5*n = 40, 0*l + 3*n = -4*l - 3. Suppose 2*p - 2*k - 12 = 0, -l*k + 8 = p - 5*k. Suppose -p*h + 2*h + 2 = 0. What is the units digit of h?
1
Suppose 4*c - 218 = -82. What is the tens digit of c?
3
Let g(k) = -2*k**3 - 13*k**2 - k + 14. Let y(c) = 1 + c**3 + 1 - 9 + 7*c**2. Let i(p) = 2*g(p) + 5*y(p). What is the units digit of i(-9)?
1
Let q(p) = -3*p. Suppose -2*j - 30 = -4*o, -5*j - 2*o - 10 = 5. Let m(n) = 2*n + 6. Let c be m(j). What is the units digit of q(c)?
2
Suppose -3*u - 5*p = 25, 2*u - 3*p - 5 - 10 = 0. Suppose -13 = -2*t - 3*o, 3*t - 4*o + u*o = 11. Suppose 0 = t*g - 19 - 31. What is the tens digit of g?
1
Suppose -77 = 7*a - 1372. What is the hundreds digit of a?
1
Suppose 19 = s + 1. Let u = 38 - s. What is the tens digit of u?
2
Suppose 0 = 6*o - 2*o. Suppose o = -c + 4 + 3. What is the units digit of c?
7
Let f = 19 - 34. Let x = -5 - f. What is the units digit of x?
0
Suppose -2*t + 18 = -4*m, t + 3*t = 2*m + 24. Let r(z) = -z**3 - z**2 + 1. What is the units digit of r(m)?
5
Let b(i) = 2*i**2 - i - 10. What is the tens digit of b(-4)?
2
Let c = -19 + 22. Suppose 19 = 5*g - 4*v, -2 = g - 3*v + c. What is the units digit of g?
7
Let z = 10 + -13. Let j(p) = 5*p**2 - 4*p - 2. What is the units digit of j(z)?
5
Let h(z) = 5*z - 2. Let l(w) = -w - 2. Let s be l(-6). Let g = 6 - s. What is the units digit of h(g)?
8
Let d(i) = -3*i - 1. Let q be d(-2). Suppose -4*f + q*f = 4. Suppose f*v - m = 3*v + 4, 4*v = -3*m + 16. What is the units digit of v?
4
Let s(f) = f + 15. Let l be s(5). What is the tens digit of 0 + -2 + l - 0?
1
Let o = -49 - -152. What is the units digit of o?
3
Let b(s) = s**3 - s**2 + 5*s + 6. What is the tens digit of b(5)?
3
Let a(v) = -v + 9. Suppose -3*i + 16 = -i. What is the units digit of a(i)?
1
Let a(b) be the first derivative of -b**5/40 - b**4/12 + b**3/3 + 2. Let w(r) be the third derivative of a(r). What is the units digit of w(-2)?
4
What is the tens digit of (0 + -3)*(-192)/9?
6
Let r = 74 + -41. What is the tens digit of r?
3
Let b(w) = w**3 - 11*w**2 - 11*w - 11. Let j be b(12). Suppose 4*d - m + 3 = 0, 3*m + 4 = j. What is the units digit of 1/2*2 - d?
2
Suppose -3*o - u - 9 = 2*u, u = -5. Suppose -5*p - 7 + o = 0. What is the units digit of -2 + p + 5 - -1?
3
Let v be 3*(-3)/15*-5. Let f be (-4)/(-6) - 4/6. Suppose v*o + f*o = 30. What is the units digit of o?
0
Suppose -22*x - 54 = -23*x. What is the tens digit of x?
5
Suppose -14*d + 12*d = -532. What is the hundreds digit of d?
2
What is the tens digit of ((-204)/(-18)*3)/((-2)/(-11))?
8
Suppose 4*l - 221 = 3*o, 5*l - 107 - 168 = 5*o. Suppose 2*y - l = -2*y. Suppose 6 = 5*v - y. What is the units digit of v?
4
Suppose i = -0 + 13. What is the tens digit of i?
1
Let a = -27 - -19. Let g(y) = y**2 + 9*y - 2. Let p be g(a). Let l = p - -19. What is the units digit of l?
9
Let b(z) = -z**3 + 8*z**2 - 7*z + 6. Let p be b(7). Suppose -2*j + 0 - 3 = -5*q, 0 = -5*q - j + p. What is the units digit of q?
1
Let s = 9 - 1. What is the units digit of s?
8
Let p = 115 - 55. Suppose -5*n = -2*n - p. Suppose -3*d + n = -d. What is the tens digit of d?
1
Let r = 187 + -117. Suppose 0 = -2*i - 3*i + r. What is the tens digit of i?
1
Let p = -85 + 157. What is the tens digit of p?
7
Let i(z) = -8*z - 4. Let w be i(-3). Suppose 5 = -g + w. What is the tens digit of g?
1
Suppose -10*a = -11*a + 18. Let g = a + -7. What is the tens digit of g?
1
Let r(k) = -k**3 + 9*k**2 + 11*k - 6. What is the units digit of r(10)?
4
Suppose 0 = -a - 0*a + 8. What is the units digit of a?
8
Let a(z) = -z**2 - 1 - z**3 + 3*z**2 + z**2. What is the units digit of a(2)?
3
Let s be (-3 - 0)/(1/(-3)). Let f = s - 15. Let c(u) = -u**2 - 8*u - 9. What is the units digit of c(f)?
3
Suppose -7*p = -227 - 2118. What is the tens digit of p?
3
Let a(z) = z**2 + z + 4. What is the tens digit of a(3)?
1
Let s(p) = p**3 + 10*p**2 + 2*p. What is the units digit of s(-9)?
3
Let w = 532 - 317. What is the units digit of w?
5
Let b be 0 + 1*(-6)/(-2). Suppose -d - b = 4*a, 0*a + 12 = 5*a - 4*d. Suppose z = r - 7, 2*r = -a*r - z + 20. What is the units digit of r?
9
Let m(a) = -a**3 + a**2 - 1. Let c(s) = s**3 + 3*s**2 - 2*s - 5. Let j(b) = -c(b) + 4*m(b). What is the units digit of j(-1)?
5
Let q = 4 - 1. Let m be (-3)/(-6) - 10/(-4). Suppose n - q*l - 36 = -2*n, -2*n + m*l + 23 = 0. What is the tens digit of n?
1
Let f(t) = 2*t**3 - t**2 - 2*t - 3. Let u be f(3). Suppose -5*d + u - 4 = 4*a, -d - 4*a + 16 = 0. What is the units digit of d?
4
Let s be 1 - 2/(-3 - -1). Suppose 4 = s*y - m, -3*y + 0*y + 2*m + 8 = 0. Suppose -4*l + l + 33 = y. What is the units digit of l?
1
Let f be -4*(-3)/6 - 3. Let w be (0 - f - 3)*-2. Suppose 5*z - w*z - 4 = 0. What is the units digit of z?
4
Let j be 4 - (2 - (-1 - -2)). What is the units digit of 33/9 + j/9?
4
Suppose -3*w + 4*w = 0. Suppose -h = -8 - w. Suppose -v = -4*g - g + h, -5*g = 2*v - 29. What is the units digit of v?
7
Let a = 8 - 8. Suppose a = n - 0 + 4. What is the units digit of (-1)/((n/18)/2)?
9
Let q = 52 + -51. What is the units digit of q?
1
Suppose 0 = -s + 4 + 2. Let q be (6*-3)/((-9)/s). Suppose -4*h + q = -h. What is the units digit of h?
4
Let p = 8 - 5. Let l(b) = b - 1. Let c be l(p). Suppose -w + 2*w = c. What is the units digit of w?
2
Let h(o) = -10*o - 9. Let y be h(-6). Suppose -3*c = -6*c + y. What is the units digit of c?
7
Let y(l) = 2*l**2 - 2*l + 1. Let r be y(2). Let x = r + -2. What is the units digit of x?
3
Let k(g) = g + 2. Let d = -7 + 14. What is the units digit of k(d)?
9
Let g be -34 - -2*(-2 + 1). Let k = g + 51. What is the tens digit of k?
1
Suppose 2*z - 60 = 2*a, -5*z = 4*a - 118 - 59. Suppose -3*k = -8*n + 5*n + z, 3*k - 23 = -4*n. What is the units digit of n?
8
Suppose -3*k - 2 = -4*k. What is the units digit of k?
2
Let v = -7 - -84. Let y = -29 + v. What is the units digit of y?
8
Suppose 2*n + 24 = -2*n. What is the units digit of (-34)/n - 4/(-12)?
6
Let b = 123 + -76. What is the tens digit of b?
4
Let z(w) = -3*w + 8*w - 4 - 8*w. What is the tens digit of z(-5)?
1
Suppose 0*z = -4*z. Suppose 2*j + 5*y + 13 = z, 8 = -3*j + 5*y + 26. What is the units digit of j?
1
Let p(x) = -x - 2. Let j be p(-9). Suppose -17 = -4*r + j. What is the units digit of r?
6
Suppose 31 = -2*t - 3*y, 4*t + 4*y + 0*y = -68. What is the units digit of ((-4)/6)/(t/30)?
1
Suppose 2*m + 80 = 7*m. What is the units digit of m?
6
Let k be 55 + (-5)/((-20)/8). Let y = k - 31. What is the tens digit of y?
2
Let s(x) = -x + 8. Let b be -2 + (-3 - -2) + 9. Let l be ((-2)/b)/((-2)/30). What is the units digit of s(l)?
3
Let o(h) 